?
20b86
Convert 45754a (base 12) to base 5.
241040012
Convert -184171 (base 9) to base 16.
-1bfa6
Convert -53441 (base 6) to base 9.
-11007
What is 21573714 (base 8) in base 16?
46f7cc
Convert -110312111232 (base 4) to base 6.
-313051010
What is 11b399 (base 12) in base 7?
2312634
Convert -402ab3 (base 14) to base 9.
-4050408
-111120201222 (base 3) to base 8
-1012131
What is 11101220220 (base 3) in base 12?
42206
Convert -312293 (base 10) to base 6.
-10405445
326202 (base 8) to base 13
3ac14
Convert -243425351 (base 6) to base 12.
-1685257
What is -16a082 (base 14) in base 10?
-795874
What is 25b82ab (base 12) in base 16?
71cea3
What is 354250 (base 6) in base 14?
b302
What is -2ab14 (base 12) in base 3?
-10001210021
Convert -11010000001011010 (base 2) to base 13.
-3968c
What is 1267b (base 14) in base 15?
d5c9
What is -355bc (base 16) in base 2?
-110101010110111100
-101101010011111001110 (base 2) to base 6
-51453502
What is 6c093c (base 15) in base 5?
2310301312
-120113033 (base 4) to base 3
-12001212222
-60b60 (base 12) to base 13
-454cb
What is -1435341 (base 8) in base 15?
-80e94
What is 4316b (base 13) in base 10?
121093
What is 640542 (base 8) in base 13?
76153
Convert -223110120230 (base 4) to base 14.
-171852c
Convert 1a2ee (base 16) to base 12.
52092
Convert -822616 (base 9) to base 14.
-c9917
Convert 2505c6 (base 16) to base 7.
26423535
What is -530464 (base 10) in base 11?
-332600
630031 (base 7) to base 14
2b551
Convert 13799 (base 12) to base 7.
141564
Convert -142348 (base 11) to base 12.
-a8a58
Convert 334e6 (base 16) to base 4.
303103212
What is -12142333 (base 8) in base 11?
-1565431
Convert 41684 (base 14) to base 8.
464004
What is 5592856 (base 10) in base 15?
757221
Convert 17ba50 (base 14) to base 13.
234b28
Convert 158b (base 15) to base 5.
122011
Convert -2341100021 (base 5) to base 16.
-528a6a
Convert -46376440 (base 8) to base 13.
-21245ac
What is -326772 (base 8) in base 5?
-12010244
What is 101110011011110010 (base 2) in base 9?
318806
Convert -133022220131 (base 4) to base 3.
-120101002011002
12c369 (base 14) to base 5
131221030
Convert 50360232 (base 7) to base 13.
b35a64
Convert -11605236 (base 9) to base 2.
-10101101000111001100000
What is -54672 (base 11) in base 9?
-130738
What is 200003133 (base 4) in base 12?
63b93
Convert -101211002002101 (base 3) to base 12.
-1b12b3a
Convert -1457359 (base 10) to base 13.
-3c0457
Convert -4748cb (base 13) to base 3.
-10012010122211
Convert -222021210212 (base 3) to base 15.
-a34bb
What is 6024757 (base 8) in base 6?
53535251
Convert -20a744 (base 16) to base 2.
-1000001010011101000100
Convert 102031311 (base 5) to base 13.
11ac80
What is 250050 (base 13) in base 6?
30551200
What is -780602 (base 11) in base 12?
-500739
-10442203111 (base 5) to base 3
-210222022221012
Convert -2432032 (base 5) to base 15.
-d8e7
-6c24c (base 14) to base 3
-111101222111
Convert -313014050 (base 6) to base 5.
-2344222232
What is -2413545 (base 7) in base 4?
-1022300322
Convert 32011310 (base 4) to base 9.
87148
Convert 133341031 (base 5) to base 4.
2212331303
Convert -562c3 (base 13) to base 3.
-21221122201
23162214 (base 7) to base 3
10211020102210
Convert 3140130444 (base 5) to base 2.
11001000011011011001000
-643106 (base 11) to base 12
-417592
-21022141 (base 5) to base 16
-2a56d
b27742 (base 12) to base 15
3a22d8
What is -4fedf4 (base 16) in base 14?
-9a4db6
634039 (base 13) to base 12
93bab1
What is -1011012131 (base 4) in base 12?
-117965
Convert 100101010111101010 (base 2) to base 9.
252863
What is -2112100432 (base 5) in base 6?
-234302152
Convert -2120000002020 (base 3) to base 4.
-11023211223
-13515312 (base 6) to base 12
-1a2b38
What is 9c7be (base 16) in base 8?
2343676
Convert 2121211202210 (base 3) to base 5.
324110114
Convert 400412313 (base 5) to base 4.
12000300112
What is -1211635 (base 8) in base 16?
-5139d
3543440 (base 6) to base 11
116974
What is -112a8a1 (base 12) in base 4?
-30210121321
Convert -29fa3b (base 16) to base 15.
-3951c5
-2010200010011 (base 3) to base 12
-468aaa
Convert 458a411 (base 12) to base 5.
11410344403
Convert 6352001 (base 8) to base 6.
100140241
What is 16b5722 (base 13) in base 14?
da1bb8
-be6c (base 16) to base 9
-73774
Convert 3302031123 (base 4) to base 12.
3ba163
What is -3013302002 (base 5) in base 11?
-3424423
Convert 1340315 (base 6) to base 2.
10010011000010111
12333012022 (base 4) to base 8
6770612
6014738 (base 11) to base 5
10211301334
Convert -2926fa (base 16) to base 6.
-133445522
Convert -10110010111101100 (base 2) to base 13.
-32924
What is -5503164 (base 10) in base 7?
-64530132
What is 11625146 (base 7) in base 13?
2a93c2
Convert -120122022110 (base 3) to base 9.
-518273
Convert -1087831 (base 11) to base 7.
-22066316
Convert 225717 (base 8) to base 14.
1dd83
Convert 1111320101 (base 5) to base 6.
124250011
What is -1120111200100 (base 3) in base 9?
-1514610
243ab (base 15) to base 16
1c382
16ba94 (base 14) to base 15
10c32e
Convert -7a5a1c (base 15) to base 5.
-2443403102
What is 54410244 (base 6) in base 15?
21e9a4
What is -130807 (base 15) in base 7?
-10521655
Convert -33303202 (base 4) to base 12.
-3156a
5253448 (base 9) to base 12
b3665b
12021100011210 (base 3) to base 9
5240153
Convert 154287 (base 9) to base 7.
544000
What is -7156563 (base 9) in base 3?
-21011220122010
Convert 23440230 (base 5) to base 2.
110101010001001110
Convert -10401554 (base 6) to base 8.
-1140256
What is 11010011110111000111 (base 2) in base 12?
35a233
18304 (base 10) to base 7
104236
What is -10100001000000110 (base 2) in base 3?
-11012002021
Convert 2a4e1c (base 15) to base 2.
111110010011101001101
Convert 3043144 (base 5) to base 16.
c287
Convert -1151256 (base 10) to base 12.
-4762a0
-102020001020011 (base 3) to base 13
-130acc2
Convert -100101001100011111 (base 2) to base 3.
-21201222122
What is 1b02289 (base 12) in base 13?
1256964
What is 22c5bd (base 15) in base 5?
411134203
What is -3572c (base 15) in base 8?
-514577
What is -5341a1 (base 11) in base 3?
-1121102110211
Convert 102445350 (base 6) to base 14.
351aca
Convert -451323 (base 6) to base 12.
-19b43
Convert 37208257 (base 9) to base 3.
1021020022021221
What is 210012022 (base 3) in base 6?
155312
Convert 11686251 (base 10) to base 2.
101100100101000101101011
-101010001010001010000 (base 2) to base 9
-2535001
What is -25e60 (base 15) in base 5?
-12340430
205240255 (base 6) to base 9
6716528
What is -152b771 (base 13) in base 9?
-13651877
What is -144247 (base 11) in base 6?
-4454424
718374 (base 16) to base 12
25a9130
62a7b (base 12) to base 15
28522
What is 20631066 (base 8) in base 11?
2538684
-101111111010111010 (base 2) to base 8
-577272
Convert 163c6 (base 16) to base 15.
1bebd
What is 301565 (base 8) in base 2?
11000001101110101
Convert -1120122010210 (base 3) to base 16.
-cce0d
-5a462 (base 13) to base 6
-3314203
Convert 347837 (base 9) to base 16.
33118
Convert 1500414 (base 7) to base 16.
314a3
210156 (base 8) to base 11
48442
What is -14058387 (base 10) in base 2?
-110101101000001110010011
What is 2561462 (base 7) in base 14?
89ba2
What is 100010010000111011 (base 2) in base 5?
13442342
-44214 (base 11) to base 13
-23273
-112101211221211 (base 3) to base 10
-7653739
Convert -55203033 (base 6) to base 11.
-a27066
-192421 (base 11) to base 4
-1020100311
What is 35520 (base 11) in base 3?
2121020111
Convert -3a77622 (base 12) to base 5.
-10432320120
Convert -102121002 (base 4) to base 10.
-75330
-4074707 (base 8) to base 16
-1079c7
Convert 2709130 (base 10) to base 14.
507414
-1038943 (base 12) to base 13
-833454
What is -174204 (base 10) in base 12?
-84990
133112223 (base 4) to base 10
128427
What is 1021200211021 (base 3) in base 7?
5543044
What is 12022111 (base 3) in base 11?
2a02
-29561 (base 10) to base 16
-7379
Convert 29323b (base 16) to base 10.
2699835
-102020 (base 3) to base 7
-612
What is -112820a (base 14) in base 16?
-7c9c92
Convert -23224442 (base 5) to base 12.
-a22bb
What is -2153523 (base 6) in base 12?
-528a3
4503486 (base 11) to base 10
7896070
Convert 2a84ab (base 14) to base 5.
334421240
What is 997240 (base 12) in base 6?
124133320
What is -419a87 (base 11) in base 9?
-1233880
Convert 1001111101100111101111 (base 2) to base 15.
368c80
What is -60bb3